= 0. Suppose 105*r = -w*g + 106*r + 39118, g - 7811 = -4*r. Is g composite?
False
Is -3*((1661/6)/11*-778 + 4) composite?
False
Let y(n) = -n**3 + 53*n**2 - 23*n + 149. Let j(b) = 51*b + 307. Let f be j(-5). Is y(f) a composite number?
False
Suppose -9 = -r - 7. Let s be (15/20 - 86/8) + r. Let u(f) = -2*f**3 - f**2 + 9*f + 1. Is u(s) a prime number?
False
Let m = 11513 + 2601. Is m prime?
False
Let p(x) = x**2 - 10*x + 102. Is p(31) a prime number?
False
Suppose 5*h - 9*c = -12*c + 11614, -5*h + 11596 = -3*c. Is h a composite number?
True
Let d be -2*(-6)/4 + -1. Suppose -101751 = 68*p - 81*p. Suppose a = -d*a + p. Is a prime?
True
Suppose 105*n - 101*n = -2*d + 698766, 3*d - n = 1048163. Is d a prime number?
True
Let q(a) = -3*a**2 + a - 34. Let b(n) = n**2 - n + 17. Let d(h) = -5*b(h) - 2*q(h). Let m(x) = 2*x. Let t be m(-6). Is d(t) prime?
False
Let z be (-49)/21 - 40/15. Is 29482 - -1*(0/z + 3) composite?
True
Suppose -5*l - 4*j = -77811, 69*j = 70*j - 4. Is l composite?
False
Let k(i) = -i**2 - 5*i + 0*i + 2*i. Let w be k(-2). Suppose 0 = 5*f + w*b - 56, 4*f + 3*b = -b + 52. Is f a composite number?
True
Suppose 0 = -18*l + 9*l. Suppose 12*n - 127349 + 9857 = l. Is n a prime number?
True
Let w(f) = -775 + 388 - 303*f + 355. Is w(-3) a composite number?
False
Let g = 39793 - 26699. Suppose g = -2*m + 40164. Is m composite?
True
Let y be (1 + -3)/2 + 19. Suppose -88586 = -y*p + 5356. Is p composite?
True
Suppose -10019 = -11*l - 141. Suppose 5*m - 4*q - 2725 = 0, 4*m = 5*q + l + 1291. Suppose 2*d - 3041 + m = -3*b, 4*d - 5014 = b. Is d a prime number?
False
Let v(w) be the second derivative of -231*w**3/2 - 2*w**2 - 10*w + 1. Is v(-1) a composite number?
True
Let n = 381 + -268. Suppose -6*b - 17 = -n. Is (-1)/((b/3732)/(-4)) a prime number?
False
Suppose 0 = -5*y - 3*h + 1612748, -372*h + 322544 = y - 377*h. Is y a prime number?
True
Let s = 390 + -381. Suppose -s*c - 6*c = -123945. Is c prime?
True
Let h = -116 + 223. Suppose -2*v + 155 = -l - 47, 4*v - 392 = 4*l. Suppose -3138 = -h*i + v*i. Is i a composite number?
True
Let b = 107 - 97. Let d(o) = 3*o**3 - 13*o**2 - 12*o + 14. Is d(b) composite?
True
Let n(r) = 10*r - 42. Let t be n(5). Suppose -19*o + 11957 = -t*o. Is o composite?
False
Let y be -3 + 6 - (-9)/(36/8). Suppose -2*q + 18 = l, l + q + 27 = y*l. Suppose -l*j + 216 = -480. Is j prime?
False
Suppose a + 4*l = -22, 18 = a - 2*l - 2*l. Let q(o) = o**3 + 3*o**2 - o - 2. Let s be q(a). Suppose -s*h + 630 = 178. Is h composite?
False
Suppose 19 = -2*l + 23. Suppose l*x - 29958 = 5*h, -5*x - 7*h + 74833 = -4*h. Is x prime?
True
Suppose 18*f = 13*f + 145. Suppose 0*q + p = q + 16, 0 = -2*q + p - f. Let w(m) = 2*m**2 - 5*m + 19. Is w(q) composite?
True
Let t = 114 - 108. Let r be -1 - ((-14292)/20 - t/15). Let x = r - 295. Is x a composite number?
False
Let c be 2/(-5) + 60/25. Is (-2479)/c*(-7 + 1 + 4) prime?
False
Suppose -u + 644 = 3*j - 5*u, 1066 = 5*j - 3*u. Let y = -1 - -7. Suppose 70 = y*p - j. Is p a prime number?
True
Let p = -2428 - -3437. Is p a composite number?
False
Is (103/(-309))/(1/(-39279)) a prime number?
True
Suppose -8 + 2 = -m, 4*m - 756798 = -6*y. Is y composite?
True
Let i(d) = -817*d + 29. Let p(t) = 815*t - 28. Let y(m) = -4*i(m) - 3*p(m). Is y(3) prime?
True
Is ((-4)/10)/(480/13200) + 461982 prime?
True
Suppose 51 = z + 2151. Let b = -1269 - z. Is b a prime number?
False
Suppose 4*y - 22*y - 126 = 0. Is 1284 - (-5)/((-5)/y) prime?
True
Let h(k) = k**3 + 6*k**2 + 2*k + 12. Let r be h(-6). Suppose -5*d = r, -2*d - 25888 = -4*t - 5*d. Suppose -t + 27430 = 6*y. Is y prime?
False
Is 30103 - 10*36/(-45) composite?
True
Let x = -580366 + 969723. Is x a composite number?
False
Suppose 0 = -20*n + 205444 + 213976. Let z = -10076 + n. Is z prime?
False
Let t(h) = -1 + 2 + 5*h**3 + 0 + 6*h**2 - 6*h**3. Let q be t(6). Is q/(-1)*(-628)/2 a prime number?
False
Let t = -58 + 66. Let g(u) = 4 - 294*u - t + 15. Is g(-15) a prime number?
True
Let a = 2509 + 234. Is a a composite number?
True
Let w(t) = 13562*t - 179. Is w(3) composite?
False
Let x(g) = 217*g**2 - 41*g - 63. Let a be x(-18). Suppose h + 4*h - m - a = 0, -3*m = -6. Is h composite?
False
Let i be (-2 - (-9)/(45/20))*5. Suppose -b - 82611 = -i*b. Is b composite?
True
Suppose 28*y - 30*y - 4 = 0, 3*y = -4*f + 18. Let l(h) = 9*h**3 + 5*h**2 - 5*h + 23. Is l(f) a composite number?
True
Let g(p) = -16 - 8 - 17 - 96*p - 26. Is g(-8) composite?
False
Suppose 0 = -11*p + 7*p + 16. Suppose 206 = 2*z + 3*o - 2*o, -p*z = -5*o - 426. Suppose z = 4*t - 404. Is t a composite number?
False
Let b(r) = -20*r**2 + 20*r - 69. Let z(d) = -40*d**2 + 41*d - 138. Let f(l) = 5*b(l) - 3*z(l). Is f(20) a prime number?
False
Suppose -235 = -5*c + 2*h, -3*h = -2*c + 63 + 42. Let a = 49 - c. Suppose -3*g - 349 = -a*o, -2*o + 0*g + 164 = 2*g. Is o prime?
False
Let t = -17946 + 42797. Is t prime?
True
Let z(j) = -j**3 - 43*j**2 + 138*j - 809. Is z(-61) a prime number?
True
Let v(y) = 605 + 4*y - 598 + 2*y**2 - 3*y**2 + 211*y**3. Is v(4) a composite number?
True
Suppose 4*c + 4*f - 3704332 = 0, 0 = 4*c - f - 239555 - 3464792. Is (-2)/9 + c/18 prime?
True
Let q(n) be the second derivative of -17*n**3/2 - 8*n**2 - 14*n. Let a be q(-3). Is 6/(-27) - a/9*-1 prime?
False
Suppose 29*c - 5*r = 27*c + 26196, 104736 = 8*c + 4*r. Is c a composite number?
False
Let d = -490 - -490. Suppose d = -3*j + 28374 + 68667. Is j a prime number?
False
Suppose 0 = -71*u + 448621 + 223110. Is u a composite number?
False
Let k = -24 - -80. Let i = 53 - k. Is 7527/6 + -1 + i/(-2) a prime number?
False
Suppose -6*d = -4*d + 3*u - 455998, 0 = -3*d + 2*u + 684010. Is d prime?
False
Let q(w) = -w**2 + 8*w + 31. Let c be q(11). Let s(z) be the third derivative of -233*z**6/120 - z**5/30 + z**4/6 - z**3/6 - 8*z**2. Is s(c) composite?
False
Let r = -212 + 217. Suppose -3*n + 3339 = 3*p, -r*p - 4*n = 691 - 6258. Is p composite?
True
Let k(x) = 33*x - 22. Let h be k(-7). Let a = h - -570. Is a prime?
True
Suppose -5*v + 685 = 200. Suppose i - 835 + v = 0. Suppose -3*a = -3*g - i, 3*g - 173 = -5*a + 1097. Is a prime?
True
Let n(i) = 20*i - 10. Let z be n(1). Suppose -z*w = -3*w. Suppose -5*c - 1009 + 3939 = w. Is c composite?
True
Suppose 3*h + c - 217286 = 0, -c + 35 = -6*c. Is h a composite number?
False
Let o(t) = t**2 + 3*t - 20 - 7*t + 27. Let j be o(2). Suppose -p - 3*p - j*l = -430, 2*l + 331 = 3*p. Is p prime?
True
Let t(h) = 3440*h**2 + 7*h + 50. Is t(-9) prime?
True
Let f = -192 - -13991. Is f prime?
True
Suppose 3*z + 32 = 5*s, -s + 5*z = 4*z - 8. Suppose -f + y + 1767 = 0, -y = s*f - 3299 - 3779. Is f a prime number?
False
Let q = 43985 - 21992. Is q a composite number?
True
Let r be 4/(12/(-2547))*(-20)/6. Suppose -d - p + 215 = -355, 5*d - r = 5*p. Suppose -4*o = -4164 + d. Is o a composite number?
True
Is -9 + (-833)/(-85) + (-12)/(-10) - -121827 a prime number?
False
Let r = -2651 - -1710. Let u = -1483 - -1261. Let g = u - r. Is g composite?
False
Let a be (-768 + -76)/((-1)/(-31)). Let f = 6825 - a. Is f a composite number?
True
Let v(a) be the first derivative of 8*a**3 + 6*a**2 - 7*a - 5. Suppose -6*y = -y - 25. Is v(y) a prime number?
True
Let n(v) be the third derivative of -v**5/60 - v**4/6 + v**3/2 - v**2. Suppose -18*z + 44 = -29*z. Is n(z) a composite number?
False
Is ((-112)/(-12) + 2)*(-2)/((-32)/27912) a prime number?
False
Suppose 15*q - 14*q - 591770 = 4*y, 2*y = -5*q + 2958696. Is q a prime number?
False
Let w = 110 + -108. Suppose -w*l + 148 = -136. Let a = l - -351. Is a a composite number?
True
Let s = 3557 - 556. Let q be 1/(-4) + 169/52. Suppose -368 = -q*l + s. Is l composite?
False
Is (-91)/(2639/(-174))*(-62102)/(-12) composite?
False
Suppose -168*r + 10917928 = -112*r. Is r prime?
True
Let v(t) = -t**3 - 5*t**2 - 2*t + 9. Let c(k) = -k**3 - 6*k**2 - 3*k + 10. Let z(d) = -5*c(d) + 4*v(d). Let l be z(-9). Is (-9748)/(-6)*-1*(-6)/l composite?
False
Suppose 1527*k = -t + 1531*k + 10691, 0 = -4*k - 4. Is t a composite number?
False
Let w(c) = c**2 - 14*c + 26. Suppose -16*k + 15*k + 12 = 0. Let l be w(k). Suppose 0 = l*o - 246 - 1100. Is o composite?
False
Suppose 5*i + 382 - 397 = 0. Suppose -4*v = 2*j - 23658, -19093 = -4*j - i*v + 28203. Is j a composite number?
False
Suppose -2*i +